+ 3)?
37
Evaluate 13326 + -13362 + (137 - 0).
101
-3014 + 3005 - (22 + 1)
-32
What is -27 + (6 - -13) + 10 + -32?
-30
Calculate -45 + -3 + 10 + 20 - 1.
-19
What is 15 - (-3 + 3 - 11 - (-80 + 36 + 23))?
5
What is the value of -2 - -1 - (86 - 111) - 19?
5
What is the value of (38 - (-7 + 32)) + -72 + 5 + -19 + 5?
-68
Calculate 19 - ((301 - 308) + (-3 - -67)).
-38
Evaluate (5 + 8 - 41 - -18) + -3.
-13
-247 + 146 - 70 - -153
-18
What is the value of 9 - (-142 - -107) - 4?
40
Calculate -9 - (-12 - -3 - (96 + 1)) - (-8 + -1).
106
Calculate (-3 - (-37 - -17 - -4)) + -27.
-14
Evaluate (-23 - -76) + (1 - 0) - (1575 + -1584).
63
-147 + 86 + (0 - -12)
-49
Calculate (2 - -2) + (9 - 3 - (11 + -75 + 28)).
46
Calculate 83 + -11 + (-1 - 9 - (-5 + 18)).
49
Evaluate 17 - 5 - (-27 - (7 - -16)).
62
Evaluate -17 + -14 + (0 - -14 - (290 + -287)).
-20
64 - ((25 - 13 - 35 - -10) + 16)
61
What is the value of -42 - (6 - (-7 + -7))?
-62
60 - (55 - 29) - 77
-43
What is (3 - 3 - 2) + -29 + 38 + 37?
44
24 - (-9 + 8 - -9)
16
Evaluate 16 + (-22 + 67 - 69) + 3 + 69.
64
Evaluate 162 - -20 - 47 - 104.
31
What is -74 - -6 - -91 - (-98 + 7)?
114
Calculate (15 - (5 - 0 - 0)) + 15 + -39 + -46.
-60
Evaluate 1 - -9 - (-6 + 0 - (17 + -29) - -8).
-4
Calculate (-40 - (139 - 54)) + 92.
-33
-33 + (-2 - (-2 - -14) - -38)
-9
24 - (2 + -7 + 2) - (21 + -31)
37
Evaluate 56 + 1 + -228 + (335 - 108).
56
Evaluate 188 + -191 + (99 - -43).
139
What is 34 + -5 - 14 - (65 - -6)?
-56
What is (-20 - 5 - -1) + 0 + 20?
-4
Evaluate ((2 - -5) + 4 - 39) + 12 - -31 - 45.
-30
Calculate -52 - -6 - (46 + -49 + 0 + 7 - 15).
-35
Calculate (12 - (-28 + (59 - 3))) + 50 + 2.
36
(-4 - -7) + (-5 - (9 - 14)) - 7 - -19
15
66 + -1 + (8 - 4) + 6085 + -6074
80
113 + -23 + -77 - (-1 - 5)
19
What is (3 - 87) + -43 + (3 + 16 - -2)?
-106
Calculate -8 - (5 - 11) - (73 + 11 + 12) - -14.
-84
What is the value of 58 + -15 + (28 - 16) + (-3 - 3)?
49
What is 63 + -13 + (-4 - -7) + 2 + 5 + -11?
49
-51 + (-31 - -12) + 74
4
Evaluate 4 + -19 + -3 - (-54 - 22).
58
-71 + (79 - 0) + -45
-37
(-1 - -1) + (-75 - (-80 - -38 - -20))
-53
What is the value of -4 + 138 + (-123 - -82)?
93
(-13 - (13 + (3 + -3 - 10))) + 46
30
What is 93 - (63 + 51 + -86)?
65
Evaluate 1 + -6 + 9 + (-17 - 11 - -39).
15
What is -28 - (-11 + (-2 - (-10 + -7)))?
-32
-42 - (-7 + (21 - (-3 + 14 + -1)))
-46
92 - ((64 + -36 - 40) + (-3 - -2 - -26))
79
What is the value of -28 + 2 - (-1994 - -1938)?
30
Evaluate 0 - -43 - (-175 - (-100 + -168)).
-50
What is 10 + -42 + 124 + -110?
-18
Evaluate (-15 - (18 - -11)) + 54 - (-46 - 2 - -1).
57
What is -66 + (18 - -50) + -63?
-61
Evaluate 56 - (2 + -1 + -2 + -2 - (218 + -228)).
49
Calculate 4616 + -4660 + (80 - -2).
38
Calculate 33 - 28 - (-1 + 26) - (549 + -595).
26
Evaluate -2 + 45 - (-564 + 553).
54
Evaluate (-9 + -5 + -13 - -56) + -17 + (0 - -100).
112
(4 - -21) + (234 - 281) + 11
-11
Evaluate -1148 + 1198 + (0 - 108).
-58
Evaluate (-1 + 5 - 9) + -481 + 484.
-2
Calculate 5 + (-43 - (5 - 2)) - (-2 - (4 + -1)).
-36
-17 + (-76 + 92 - (-64 - -4))
59
What is 25 + (9 - ((19 - 3) + 5) - 2)?
11
Evaluate -15 + -97 - (-8 + -37).
-67
Calculate (-1 - 2) + 92 + (-166 - -91).
14
What is (193 - 254) + (84 - 1)?
22
(-75 - -77) + (-10 - 2) + 11 - (7 + -30)
24
What is the value of -42 - (67 - 54 - 29)?
-26
Calculate (11 - (-1 + (3 - 0))) + (805 - 962).
-148
Calculate 18 + 81 + -52 + -64.
-17
What is (-26 - 2) + -15 + -6 + 6 + 14?
-29
(-55 - -20 - -8) + 2 + (-10 - -1) - -14
-20
-40 + -5 + 54 + -40
-31
What is the value of -63 - (-24 + -17) - (-3 + -6)?
-13
Calculate (-16 + 17 - 1 - -7) + 25.
32
Evaluate 53 + -106 + 148 - 80.
15
What is (143 - (210 - 100)) + 51?
84
What is 111 + -83 + -48 + -78?
-98
Evaluate 71 - ((-9 + 3 - -1) + (42 - 23) + -8).
65
Evaluate (-135 - -95) + 28 + (-2 - (-34 + -2)).
22
What is -1569 + 1560 - (3 + (0 - 21) + 5 + -7)?
11
Evaluate (70 - 76) + (-6 - -15) + -15.
-12
Evaluate 89 - ((16 - 19) + -110 + 98).
104
Evaluate -53 + (-9 - -79 - -48).
65
What is 21 + (-23 - (7 - 14) - 4)?
1
Calculate 20 + (10 - -7 - 58) + -19.
-40
Calculate 38 + (-3 - (-3 - (26 - 13)) - 8).
43
What is -375 - (-605 + 299) - (-1 - 11)?
-57
What is the value of 165 - 155 - (0 + 2)?
8
What is the value of -99 - ((187 - 115) + -67)?
-104
1 + -48 + 20 + (-30 - -21 - (19 - 1))
-54
Calculate 13 + -35 + 42 + 23.
43
Calculate 3 + (14 - 15) + -16 + -20.
-34
(2598 - 2612) + (1 - (4 - (5 + -11)))
-23
-4 + 4 + (6 - 4) + 28 - (86 + -75)
19
Evaluate 0 + (-29 - 6) + (1 - -17).
-17
-81 - (-34 + -46) - (0 + -20)
19
What is 40 + (7 - (-94 - -184))?
-43
Evaluate 7 - 1 - (-20 - (-22 + -22 + 16)).
-2
What is -64 + -1 + (16 + -27 + -21 - -42)?
-55
Evaluate -26 - (96 - (-4 - -27) - 23).
-76
What is -11 + (40 - (-4 + 34))?
-1
What is 0 + 33 + (-489 + 465 - (-16 - 0))?
25
Evaluate (125 - 212) + 80 + 64.
57
Calculate ((-30 - -26) + -1 - 6 - (-6 - -2)) + -8.
-15
What is (-1 - 0) + (-3 - (4 - (14 - -30)))?
36
13 + 4 + (2 + 15 - (-22 + 6))
50
Calculate -21 + 19 + (36 - 57 - -15).
-8
Evaluate ((-4 - (-10 + -1 - -11)) + -10 - -7) + 20.
13
-10 + (22 - (52 + -20)) - 4
-24
Evaluate (-60 + 72 - -40) + -43.
9
What is the value of -11 + -1 + -13 + (369 - 366)?
-22
What is -23 + -4 + 2 + -53 - -17?
-61
What is -24 - (8 + (38 - 67))?
-3
What is the value of (-1853 - -1832) + 2 + (-2 - -1 - 2)?
-22
(-12 + 1 - 1) + (-128 - 9) + 109
-40
Calculate -22 - (38 + -42 + -21) - 19.
-16
(91 - (-22 + 11)) + (12 - (13 + -4)) + -14
91
Calculate -52 - (-2 + -10 + 3 - -5 - -14).
-62
What is the value of -40 + (-18 + (-1 - -6 - -2) - -4) + -7?
-54
What is 20 - (13 + -4 + (-3 - 16) - 27)?
57
What is the value of 48 - (-7 + 66 - 55)?
44
What is the value of (-33 - -2 - -10) + 513 + -585?
-93
(-121 - (-60 + 29)) + 45
-45
-10 - ((10 - 29) + (-4 - -1) + -84)
96
What is -39 + 3 - (10 + 5 + -2) - -10?
-39
372 + -430 - (-8 - (1 - 4)) - (-1 - 7)
-45
(-2 + -2 + 2 - -4) + 93 + -29
66
What is 14 + (46 - 27 - -3) + (-6 - -5)?
35
Evaluate -72 + 0 + (27 - (9 - -15)).
-69
4 + -1 + -3 - (-127 + 23 + -18)
122
Evaluate (70 - 1) + (-718 - -748) + (0 + 0 - 8).
91
Calculate 21 + (-11 - ((12 - 1) + 16 + -61 + 29)).
15
63 - (14 - (-19 + -61))
-31
What is the value of 23 + -73 + 75 + -87?
-62
Evaluate (-13 - -1) + (-6 + 97 - 92).
-13
(-1 + -1 - (70 + -69)) + -1 + -24
-28
7 + (35 - -12) + -32
22
What is the value of (-231 - -219) + (-26 - 6)?
-44
What is the value of 63 - (-213 + 64 + 147)?
65
What is the value of 24 - (-97 - (-20 + -29))?
72
What is 31 - 35 - (79 + 31) - (-2 + 9)?
-121
What is (132 - (116 + -58)) + -5 + 1 + 2?
72
Calculate (0 - -10 - (-3 + 12)) + 10 + (0 - 30).
-19
Evaluate 10 - 14 - (3 - 24) - (110 - -15).
-108
What is 49 + 5 + (11 - (29 + -8)) - -12?
56
Evaluate -147 + 149 + (-25 - -1) + 73 + 3.
54
What is the value of 1650 + -1659 + -3 + -2 + 65?
51
Evaluate -223 + 246 - (1 + -16).
38
Calculate -9 + -1 + 94 + -91 - (2 + -3 + -32).
26
73 - 0 - (-14 + 4 + 11) - (124 + -119)
67
What is the value of 12 + -4 + -20 - -29?
17
Evaluate -130 + 0 + (-2 - -7) + -12 + (9 - 14).
-142
What is -10 - (-33 + 1) - (87 + -18)?
-47
Evaluate (-26 - -13) + (-4 - (-10 + 11) - 2).
-20
Calculate 12 - -152 - 156 - (85 - -1 - 2).
-76
Evaluate -106 - (-35 + -29 + (-40 - -110)).
-112
What is 2 + 6 + (-14 + -28 + 8 - (2 - -1))?
-29
3 - (-12 + 31) - (3 - (-7 + 3))
-23
Calculate -11 + 0 + (7 - -76 - (23 - (10 + 16))).
75
What is (49 - -30) + -93 - (1 + 39 - 2)?
-52
Calculate 4 - (-1 - -10 - (-10 + -12 + 24)) - -31.
28
-47 + 23 + -108 + 231
99
What is -37 + 52 + -50 + 21?
-14
Evaluate (-9 - -159 - 9 - 4) + (22 - 17) + -4.
138
Evaluate (-9 - -10 - (10 + 0) - -9) + (30 - 0).
30
(13 - -23) + -23 + -9 + 40
44
77 - (64 + (-32 - -89))
-44
What is the value of -424 + 395 - (5 - 92)?
58
Calculate (-906 - -863) + -4 + -55.
-102
4 + 27 + (1 + -6 - (5 - 28 - -15))
34
Evaluate -89 - -15 - -32 - (10 + -102).
50
-1557 + 1572 - ((-18 - -1) + -1) - -15
48
What is -13 - ((179 - 200) + 1 + -7 - 14) - -3?
31
143 + -150 + -12 - -109
90
Calculate -8 + -2 + (-1 - -2) + 22 + -60.
-47
Evaluate 8 - (56 - (-40 + 87)).
-1
Calculate -60 + (31 + -11 - 49) + 34.
-55
What is the value of (11 - (-8 - -9)) + (30 - (11 - 21) - -2)?
52
What is the value of -3 - (9 - (-7 + 0 - (-30 - (-20 - 0))))?
-9
Calculate -36 - (4 - 5) - (1183 + -1160).
-58
What is the value of -16 + -11